hat is 1351046 - -40?
1351116
In base 15, what is -5a - 1b8761?
-1b87bb
In base 2, what is 1010111110000000 - 1001100?
1010111100110100
In base 8, what is -5 + 430152761?
430152754
In base 14, what is 39a8bc9 - 0?
39a8bc9
In base 16, what is -29af + -dea5?
-10854
In base 13, what is 3b865 + -7?
3b85b
In base 7, what is 5 - 33244134?
-33244126
In base 2, what is 10101011110110101011 - -100?
10101011110110101111
In base 12, what is -3a + -1b46149?
-1b46187
In base 6, what is 2 - 53240111333?
-53240111331
In base 13, what is -157267 + -5?
-15726c
In base 3, what is -1021211210201 + -221?
-1021211211122
In base 2, what is -101 + 111110001011001001110?
111110001011001001001
In base 3, what is 1010110122112211222 + 12?
1010110122112212011
In base 14, what is 392 - -15a73?
16025
In base 7, what is -264 + 15256043?
15255446
In base 15, what is 4c08 - 13c?
4abb
In base 8, what is 1025062730 + 4?
1025062734
In base 5, what is 2040003424133 - 4?
2040003424124
In base 14, what is 40d4c38 - -5?
40d4c3d
In base 7, what is -6423 + 33033?
23310
In base 4, what is -1330 + 301320022?
301312032
In base 12, what is -2 - -116b48?
116b46
In base 15, what is 41 - 267e9?
-267a8
In base 5, what is 2021300 - 23240?
1443010
In base 8, what is 1660 + -2411?
-531
In base 14, what is -a3 - 80569?
-8062c
In base 10, what is 1412 - -45463?
46875
In base 12, what is -1036 + -1b36?
-2b70
In base 11, what is 9009941 + 0?
9009941
In base 16, what is 483f6d - 3b?
483f32
In base 16, what is 134 + 71a4?
72d8
In base 14, what is -3 + 363433a0?
3634339b
In base 2, what is -111110000110101010 - 1011011100?
-111110010010000110
In base 11, what is 1a - 903a22?
-903a03
In base 16, what is -6bd + 8aa?
1ed
In base 4, what is -1021311332010 - 2?
-1021311332012
In base 12, what is -65 + -59832?
-59897
In base 2, what is 1110010 - -10110100011101111011?
10110100011111101101
In base 7, what is -50 - -240561?
240511
In base 9, what is -10135382 - 2?
-10135384
In base 14, what is 5 - -2db2a81?
2db2a86
In base 6, what is 5155 - 3311352?
-3302153
In base 4, what is -13230330 + 222012?
-13002312
In base 2, what is -10000100110110010 - -111001?
-10000100101111001
In base 9, what is 78440 - -522?
80062
In base 7, what is 30 - -24045143?
24045203
In base 8, what is -6175 - 420?
-6615
In base 5, what is -32423 - 12420?
-100343
In base 15, what is 469 - b23ac?
-b1e43
In base 9, what is 348856 + 18?
348875
In base 3, what is 212220 + -202200211200?
-202122221210
In base 9, what is -25270 + 26?
-25243
In base 15, what is 17bbb0e + 3?
17bbb12
In base 5, what is 124213002240 - 4?
124213002231
In base 9, what is -270831 + -138?
-271070
In base 11, what is 4 + 4045764?
4045768
In base 12, what is 6bb6045 - 2?
6bb6043
In base 3, what is -122110 + 1122211202221?
1122211010111
In base 11, what is -5 + -24792a94?
-24792a99
In base 12, what is -33 + 15ab32a?
15ab2b7
In base 11, what is 1773a3683 - -3?
1773a3686
In base 11, what is 10 - 28a68a2?
-28a6892
In base 14, what is 72 - -42183?
42215
In base 3, what is 1 - 120100212122101?
-120100212122100
In base 11, what is -184251a03 - -2?
-184251a01
In base 9, what is -10 - -31724502?
31724482
In base 3, what is -10002010 + 101121010021?
101111001011
In base 2, what is 1001100011000100011110 - -110110?
1001100011000101010100
In base 11, what is 3728 - 1499?
223a
In base 8, what is -5765121 - 230?
-5765351
In base 15, what is 18 + -adb1ca?
-adb1b2
In base 15, what is 1 - 59ec6ea?
-59ec6e9
In base 5, what is 20401 - 203432?
-133031
In base 3, what is 11022 - 122211112002122?
-122211111221100
In base 16, what is -dd18 - -89?
-dc8f
In base 7, what is 5 + -101314156?
-101314151
In base 8, what is 20734664 + 333?
20735217
In base 11, what is 2a057 - 7?
2a050
In base 16, what is 3489b + -15?
34886
In base 11, what is 5a98 + 201?
6199
In base 4, what is -2 + 1032210122231?
1032210122223
In base 15, what is -2b + -1412c1?
-1412ec
In base 5, what is 210003 + -31140443?
-30430440
In base 9, what is 2345 - -124674?
127130
In base 15, what is 345ed49 + -3?
345ed46
In base 3, what is 12 + -21101200002120?
-21101200002101
In base 15, what is -e06 - 869?
-1770
In base 6, what is 33441433544 - 1?
33441433543
In base 13, what is 7 - -1030a8b?
1030a95
In base 13, what is -39950ac + -4?
-39950b3
In base 3, what is -1022211 - 1221022212?
-1222122200
In base 4, what is 1112331 - 120310?
332021
In base 3, what is -201 + -21122112002?
-21122112210
In base 6, what is -1 + -4454122?
-4454123
In base 14, what is -90d + -12db5?
-138c4
In base 13, what is -39733 + -27a?
-399b0
In base 8, what is 260 - -233526?
234006
In base 16, what is 15d14a5 - 0?
15d14a5
In base 6, what is 143114 + 502?
144020
In base 4, what is 2211 + -1300312311?
-1300310100
In base 7, what is -4 - 2455156344?
-2455156351
In base 6, what is 124024322 - 33?
124024245
In base 11, what is 11112 + -16?
110a7
In base 15, what is -2 - 3e7b414?
-3e7b416
In base 12, what is 235810013 - 0?
235810013
In base 2, what is -10110001101 + 1001010100011110010?
1001010001101100101
In base 16, what is -83 - 3f636?
-3f6b9
In base 8, what is -665 + 137514?
136627
In base 5, what is -10 - 12411201231?
-12411201241
In base 9, what is 56326 + 31720?
88146
In base 8, what is 132645 + 663?
133530
In base 8, what is 130754 + -740?
130014
In base 11, what is 59 + -5521887?
-5521829
In base 13, what is 408 + -cbbc7?
-cb7bc
In base 16, what is 364c30 - 0?
364c30
In base 5, what is -11 + -4211142023?
-4211142034
In base 6, what is 1 + 51542423?
51542424
In base 5, what is 2 - -10423242403?
10423242410
In base 7, what is -12502 + 13603?
1101
In base 8, what is 4 - -221510535?
221510541
In base 10, what is 13 - -409277?
409290
In base 15, what is 69a463 - -5?
69a468
In base 14, what is -646193 - 32?
-6461c5
In base 8, what is -4 - -2413135?
2413131
In base 12, what is -2 + 11b2622?
11b2620
In base 6, what is -203433035 + 121?
-203432514
In base 12, what is -25b3 - -80b?
-19a4
In base 7, what is 5 + -42531624?
-42531616
In base 4, what is 11130330021 + 30?
11130330111
In base 13, what is -1aba2 - -23c?
-1a963
In base 11, what is -1 - -5753969?
5753968
In base 10, what is -29636576 + 11?
-29636565
In base 9, what is 2238 - -100750?
103088
In base 11, what is -916889 + 4a3?
-916396
In base 14, what is -5476b + -c7?
-54854
In base 14, what is -153 + -ac41?
-ad94
In base 7, what is 4424102444 - -2?
4424102446
In base 4, what is 32131220303 + -20?
32131220223
In base 13, what is 4b - 1220?
-11a2
In base 15, what is 111 + 52d3d?
52e4e
In base 9, what is 12708 + 2586?
15405
In base 11, what is 4374416 - -11?
4374427
In base 16, what is 16b - -13217?
13382
In base 13, what is -17987 - 1896?
-19550
In base 11, what is 2a282 - 1163?
2911a
In base 8, what is -14 - 44031204?
-44031220
In base 16, what is -56de63 - -26?
-56de3d
In base 4, what is 22110111 + -122112?
21321333
In base 15, what is 142a5 + 4367?
1861c
In base 14, what is -7c6bb + 220?
-7c49b
In base 13, what is 528a0cb8 - 4?
528a0cb4
In base 3, what is -12 + 102022100001200?
102022100001111
In base 7, what is 2165 - 110002?
-104504
In base 3, what is 221100200 - 1012112?
220011011
In base 15, what is ee015 + -14c?
eddb8
In base 4, what is 3 - -301211032233?
301211032302
In base 6, what is 13302252 - 10103?
13252145
In base 8, what is -2601125 - -3?
-2601122
In base 7, what is 2161 + 462603?
465064
In base 8, what is 2706 - -110000?
112706
In base 6, what is 0 - -10254233404?
10254233404
In base 15, what is b3439 + 4?
b343d
In base 3, what is 120200 + 120201?
1011101
In base 16, what is -7 - -d670d9?
d670d2
In base 4, what is 3322123222 + 3?
3322123231
In base 8, what is -23111 + 1354?
-21535
In base 9, what is -52 - -1423026?
1422864
In base 6, what is -4011122 + -23?
-4011145
In base 14, what is 316a3 - 8d?
31614
In base 6, what is -10150453 - 132?
-10151025
In base 12, what is 0 + 137a27b7?
137a27b7
In base 9, what is 11672 - 12482?
-710
In base 6, what is -20233 + -5224?
-25501
In base 4, what is 230322 - 333213?
-102231
In base 8, what is -13 - 10336126?
-10336141
In base 15, what is ac6444 - -5?
ac6449
In base 13, what is -2 + -3a863a0a?
-3a863a0c
In base 5, what is -4103412211 - -12?
-4103412144
In base 9, what is 10123 + 50177?
60311
In base 2, what is -1000100000101 - -101100011111010?
100011111